de 12?
True
Is 93 a multiple of 13?
False
Is 18560 a multiple of 40?
True
Does 8 divide 792?
True
Is 228 a multiple of 12?
True
Is 2 a factor of 32?
True
Is 105 a factor of 1627?
False
Is 1428 a multiple of 34?
True
Is 594 a multiple of 54?
True
Is 59 a factor of 1479?
False
Does 168 divide 24351?
False
Is 124611 a multiple of 6?
False
Is 6368 a multiple of 199?
True
Is 9 a factor of 90?
True
Is 2875 a multiple of 23?
True
Does 128 divide 1106?
False
Is 13078 a multiple of 13?
True
Does 71 divide 13348?
True
Is 2 a factor of 327?
False
Is 3983 a multiple of 7?
True
Is 10 a factor of 405?
False
Is 28347 a multiple of 3?
True
Is 8 a factor of 464?
True
Is 6161 a multiple of 11?
False
Is 69 a factor of 483?
True
Does 160 divide 1440?
True
Is 2 a factor of 49?
False
Does 5 divide 3200?
True
Is 11 a factor of 594?
True
Does 114 divide 5130?
True
Is 19 a factor of 5016?
True
Is 9 a factor of 2531?
False
Does 14 divide 1596?
True
Is 130713 a multiple of 423?
False
Is 16 a factor of 848?
True
Is 50 a factor of 51785?
False
Does 29 divide 2845?
False
Is 5 a factor of 2458?
False
Is 33205 a multiple of 294?
False
Is 3850 a multiple of 77?
True
Is 1074 a multiple of 20?
False
Is 29376 a multiple of 18?
True
Does 95 divide 380?
True
Does 6 divide 344?
False
Does 15 divide 1050?
True
Is 33 a factor of 8712?
True
Does 29 divide 2032?
False
Is 4 a factor of 4715?
False
Does 161 divide 3381?
True
Is 5 a factor of 665?
True
Does 15 divide 351?
False
Is 84 a factor of 11253?
False
Does 227 divide 1798?
False
Does 20 divide 1660?
True
Does 78 divide 8449?
False
Is 33 a factor of 8844?
True
Is 81 a factor of 972?
True
Is 13 a factor of 955?
False
Is 613 a multiple of 6?
False
Is 38 a factor of 266?
True
Is 7 a factor of 41?
False
Does 17 divide 13015?
False
Does 20 divide 940?
True
Does 14 divide 26030?
False
Is 14561 a multiple of 105?
False
Is 34 a multiple of 7?
False
Is 63 a factor of 39627?
True
Is 12980 a multiple of 11?
True
Does 19 divide 8555?
False
Does 12 divide 12648?
True
Is 15488 a multiple of 32?
True
Is 41 a factor of 164?
True
Does 47 divide 2475?
False
Is 44639 a multiple of 15?
False
Is 9 a factor of 409?
False
Is 1239 a multiple of 13?
False
Is 6476 a multiple of 14?
False
Is 10 a factor of 457?
False
Does 29 divide 816?
False
Is 9 a factor of 2364?
False
Is 392 a multiple of 56?
True
Is 880 a multiple of 17?
False
Is 12 a factor of 4488?
True
Is 11 a factor of 1386?
True
Does 200 divide 16800?
True
Is 39 a factor of 7449?
True
Does 33 divide 1815?
True
Is 24894 a multiple of 16?
False
Does 46 divide 1359?
False
Does 15 divide 70046?
False
Is 6027 a multiple of 10?
False
Is 30250 a multiple of 94?
False
Is 25 a factor of 9875?
True
Does 17 divide 154?
False
Is 4350 a multiple of 10?
True
Is 13995 a multiple of 15?
True
Is 31 a factor of 5115?
True
Is 47929 a multiple of 287?
True
Is 3 a factor of 196?
False
Does 92 divide 23000?
True
Does 82 divide 15334?
True
Does 5 divide 70?
True
Is 3237 a multiple of 13?
True
Does 5 divide 2176?
False
Is 21126 a multiple of 14?
True
Does 22 divide 35520?
False
Is 13 a factor of 1053?
True
Does 137 divide 52608?
True
Is 1360 a multiple of 33?
False
Is 1500 a multiple of 20?
True
Is 16327 a multiple of 102?
False
Is 2349 a multiple of 5?
False
Is 115 a factor of 28520?
True
Does 31 divide 8739?
False
Is 37 a factor of 909?
False
Does 29 divide 643?
False
Does 4 divide 728?
True
Does 71 divide 7881?
True
Is 3479 a multiple of 71?
True
Does 40 divide 43483?
False
Is 14 a factor of 777?
False
Is 964 a multiple of 2?
True
Does 30 divide 2614?
False
Is 22 a factor of 16694?
False
Is 8 a factor of 170?
False
Is 35 a factor of 662?
False
Does 12 divide 2436?
True
Is 48820 a multiple of 24?
False
Is 14 a factor of 3682?
True
Does 6 divide 10590?
True
Is 20 a factor of 100?
True
Is 74 a factor of 818?
False
Does 16 divide 841?
False
Is 2159 a multiple of 17?
True
Is 119 a multiple of 11?
False
Does 6 divide 185?
False
Is 2 a factor of 63?
False
Is 1862 a multiple of 98?
True
Does 60 divide 1738?
False
Is 52 a factor of 66726?
False
Is 924 a multiple of 27?
False
Does 68 divide 1156?
True
Is 12 a factor of 1860?
True
Does 28 divide 1862?
False
Is 47 a factor of 909?
False
Is 10 a factor of 12450?
True
Is 33979 a multiple of 239?
False
Does 2 divide 23478?
True
Does 31 divide 372?
True
Is 13 a factor of 618?
False
Does 9 divide 586?
False
Is 6305 a multiple of 31?
False
Is 7307 a multiple of 38?
False
Does 20 divide 5931?
False
Does 12 divide 57036?
True
Is 810 a multiple of 3?
True
Is 395 a multiple of 4?
False
Is 436 a factor of 61057?
False
Is 98 a factor of 2744?
True
Is 95 a factor of 13328?
False
Is 83 a factor of 8813?
False
Is 13 a factor of 23129?
False
Is 4070 a multiple of 16?
False
Is 4 a factor of 5554?
False
Is 4816 a multiple of 28?
True
Is 71928 a multiple of 10?
False
Is 56 a factor of 4037?
False
Is 12 a factor of 3986?
False
Is 8 a factor of 280?
True
Is 13 a multiple of 3?
False
Does 20 divide 982?
False
Does 68 divide 21284?
True
Is 65 a factor of 75093?
False
Is 59 a factor of 914?
False
Is 18 a factor of 1684?
False
Is 122 a factor of 12322?
True
Is 1824 a multiple of 12?
True
Does 32 divide 31502?
False
Is 61 a factor of 23583?
False
Is 9 a factor of 1080?
True
Is 13242 a multiple of 56?
False
Does 4 divide 725?
False
Does 45 divide 1080?
True
Is 6 a factor of 264?
True
Is 1059 a multiple of 5?
False
Is 8017 a multiple of 22?
False
Does 55 divide 13145?
True
Is 39 a factor of 4602?
True
Does 3 divide 2260?
False
Does 23 divide 874?
True
Is 13 a factor of 2717?
True
Is 11 a factor of 218?
False
Is 32 a factor of 9321?
False
Does 43 divide 13594?
False
Does 10 divide 1060?
True
Does 26 divide 3245?
False
Is 176 a factor of 49156?
False
Is 271 a multiple of 6?
False
Does 8 divide 88?
True
Does 18 divide 466?
False
Is 48 a factor of 10759?
False
Is 84 even?
True
Is 11 a factor of 255?
False
Does 4 divide 1238?
False
Does 2 divide 101?
False
Is 87 a factor of 4222?
False
Is 698 a multiple of 21?
False
Does 56 divide 4032?
True
Is 18 a factor of 126?
True
Is 27 a factor of 81?
True
Does 27 divide 418?
False
Is 8 a factor of 724?
False
Does 16 divide 180?
False
Does 15 divide 402?
False
Does 66 divide 3871?
False
Is 870 a multiple of 15?
True
Does 15 divide 318?
False
Is 4624 a multiple of 122?
False
Does 46 divide 17342?
True
Is 586 a multiple of 2?
True
Is 28541 a multiple of 70?
False
Is 1387 a multiple of 51?
False
Does 61 divide 4019?
False
Is 21 a factor of 437?
False
Is 162 a multiple of 6?
True
Does 7 divide 9705?
False
Is 219 a factor of 38325?
True
Does 17 divide 408?
True
Is 57 a factor of 5319?
False
Is 50 a factor of 9650?
True
Does 10 divide 324?
False
Does 31 divide 6266?
False
Is 80 a multiple of 18?
False
Is 21 a factor of 27835?
False
Does 26 divide 286?
True
Is 646 a multiple of 10?
False
Is 38101 a multiple of 139?
False
Does 7 divide 397?
False
Is 25 a factor of 18275?
True
Is 1836 a multiple of 17?
True
Is 147 a factor of 8967?
True
Is 1031 a multiple of 2?
False
Is 5875 a multiple of 25?
True
Is 2667 a multiple of 29?
False
Is 973 a multiple of 36?
False
Is 1339 a multiple of 53?
False
Is 23 a factor of 53944?
False
Does 9 divide 4957?
False
Is 145 a multiple of 2?
False
Does 10 divide 7610?
True
Is 52 a factor of 4880?
False
Does 6 divide 25719?
False
Is 1178 a multiple of 4?
False
Is 9677 a multiple of 2?
False
Is 475 a multiple of 19?
True
Is 83 a factor of 332?
True
Does 21 divide 747?
False
Does 54 divide 1166?
False
Is 59930 a multiple of 11?
False
Is 98986 a multiple of 74?
False
Is 8514 a multiple of 22?
True
Is 10416 a multiple of 28?
True
Does 11 divide 229?
False
Does 83 divide 2822?
True
Is 13310 a multiple of 22?
True
Does 22 divide 93830?
True
Is 645 a multiple of 43?
True
Does 91 divide 182?
True
Is 4089 a multiple of 29?
True
Is 10 a factor of 7420?
True
Is 46526 a multiple of 13?
False
Is 14596 a multiple of 89?
True
Is 3 a factor of 198?
True
Is 435 a multiple of 29?
True
Is 1749 a multiple of 53?
True
Is 4838 a multiple of 113?
False
Is 254 a factor of 24916?
False
Is 12751 a multiple of 101?
False
Is 1691 a multiple of 27?
False
Is 24 a factor of 1152?
True
Is 1507 a multiple of 48?
False
Is 13 a factor of 8580?
True
Is 17 a factor of 8687?
True
Is 9 a fa